{"id":85,"date":"2018-11-14T22:40:42","date_gmt":"2018-11-14T21:40:42","guid":{"rendered":"http:\/\/omsfel.fr\/?page_id=85"},"modified":"2022-02-27T22:33:00","modified_gmt":"2022-02-27T21:33:00","slug":"reservation-materiel","status":"publish","type":"page","link":"https:\/\/omsfel.fr\/index.php\/reservation-materiel\/","title":{"rendered":"R\u00e9servation mat\u00e9riel"},"content":{"rendered":"<p><iframe loading=\"lazy\" style=\"border: 0;\" src=\"https:\/\/calendar.google.com\/calendar\/embed?src=j0lo1p5osqn95ksc5sdhnqhu0s%40group.calendar.google.com&amp;ctz=Europe%2FParis\" width=\"800\" height=\"600\" frameborder=\"0\" scrolling=\"no\"><\/iframe><\/p>\n\n\n<p><strong>Le pr\u00eat de mat\u00e9riel de l&rsquo;OMSFEL n&rsquo;est possible qu&rsquo;aux associations de Mign\u00e9-Auxances qui ont r\u00e9gl\u00e9 leur cotisation annuelle.<\/strong><\/p>\n\n\n\n<p>Merci de remplir tous les champs puis cliquer en bas de page sur \u00ab\u00a0SUIVANT\u00a0\u00bb&#8230;*<\/p>\n\n\n\n<p>Vous pouvez aussi consulter l&rsquo;ensemble du mat\u00e9riel 2021 dans le PDF suivant:<br><a href=\"http:\/\/omsfel.fr\/wp-content\/uploads\/2021\/04\/Reservation-materiel-2021.pdf\" data-type=\"URL\" data-id=\"http:\/\/omsfel.fr\/wp-content\/uploads\/2021\/04\/Reservation-materiel-2021.pdf\">livret-reservation.pdf<\/a><br><\/p>\n\n\n\n<p><br><\/p>\n\n\n<p><!--EndFragment--><\/p>\n<p><iframe loading=\"lazy\" src=\"https:\/\/forms.gle\/qX2ZmXXteXpQMR8N9\" marginwidth=\"0\" marginheight=\"0\" width=\"640\" height=\"5168\" frameborder=\"0\">Chargement en cours&#8230;<\/iframe><\/p>\n<p>&nbsp;<\/p>","protected":false},"excerpt":{"rendered":"<p>Le pr\u00eat de mat\u00e9riel de l&rsquo;OMSFEL n&rsquo;est possible qu&rsquo;aux associations de Mign\u00e9-Auxances qui ont r\u00e9gl\u00e9 leur cotisation annuelle. Merci de remplir tous les champs puis cliquer en bas de page sur \u00ab\u00a0SUIVANT\u00a0\u00bb&#8230;* Vous pouvez aussi consulter l&rsquo;ensemble du mat\u00e9riel 2021 dans le PDF suivant:livret-reservation.pdf Chargement en cours&#8230; &nbsp;<\/p>\n","protected":false},"author":1,"featured_media":0,"parent":0,"menu_order":0,"comment_status":"closed","ping_status":"closed","template":"","meta":{"footnotes":""},"class_list":["post-85","page","type-page","status-publish","hentry"],"_links":{"self":[{"href":"https:\/\/omsfel.fr\/index.php\/wp-json\/wp\/v2\/pages\/85","targetHints":{"allow":["GET"]}}],"collection":[{"href":"https:\/\/omsfel.fr\/index.php\/wp-json\/wp\/v2\/pages"}],"about":[{"href":"https:\/\/omsfel.fr\/index.php\/wp-json\/wp\/v2\/types\/page"}],"author":[{"embeddable":true,"href":"https:\/\/omsfel.fr\/index.php\/wp-json\/wp\/v2\/users\/1"}],"replies":[{"embeddable":true,"href":"https:\/\/omsfel.fr\/index.php\/wp-json\/wp\/v2\/comments?post=85"}],"version-history":[{"count":18,"href":"https:\/\/omsfel.fr\/index.php\/wp-json\/wp\/v2\/pages\/85\/revisions"}],"predecessor-version":[{"id":441,"href":"https:\/\/omsfel.fr\/index.php\/wp-json\/wp\/v2\/pages\/85\/revisions\/441"}],"wp:attachment":[{"href":"https:\/\/omsfel.fr\/index.php\/wp-json\/wp\/v2\/media?parent=85"}],"curies":[{"name":"wp","href":"https:\/\/api.w.org\/{rel}","templated":true}]}}